{"id":142,"date":"2023-06-17T17:45:54","date_gmt":"2023-06-17T15:45:54","guid":{"rendered":"https:\/\/www.crippart.com\/?page_id=142"},"modified":"2023-12-03T15:31:19","modified_gmt":"2023-12-03T14:31:19","slug":"elasticar","status":"publish","type":"page","link":"https:\/\/www.crippart.com\/index.php\/elasticar\/","title":{"rendered":"Elasticar"},"content":{"rendered":"<p>[vc_row full_width=&#8221;stretch_row_content_no_spaces&#8221;][vc_column width=&#8221;1\/4&#8243; css=&#8221;.vc_custom_1687016850462{padding-top: 40px !important;padding-right: 40px !important;padding-left: 50px !important;}&#8221;][vc_column_text]ELASTICAR<\/p>\n<p>&nbsp;<\/p>\n<p>Macchinina in legno con particolare lanciatore ad elastico, prodotta dalla storica azienda Manzoni Pietro.<\/p>\n<p>Modello stilizzato di auto da corsa e lanciatore, lavorati a mano con ritagli di legno di tiglio o faggio italiano, avanzati da altre produzioni.<\/p>\n<p>Colori atossici ad acqua e packaging con carta riciclata.<\/p>\n<p>Gioco di abilit\u00e0 per target prescolare o prima scolarit\u00e0, che favorisce la coordinazione e la manualit\u00e0, valorizzando materiali tanto comuni quanto preziosi.<\/p>\n<p>&nbsp;<\/p>\n<p>&nbsp;<\/p>\n<p><em>Wooden toy car with particular elastic launcher, produced by the historic Manzoni Pietro company.<\/em><\/p>\n<p><em>Stylized model of racing car and launcher, handcrafted with linden or Italian beech wood clippings left over from other productions.<\/em><\/p>\n<p><em>Non-toxic water colors and recycled paper packaging.<\/em><\/p>\n<p><em>Skill game for pre-school or first school target, which promotes coordination and dexterity, enhancing both common and precious materials.<\/em><\/p>\n<p><em>\u00a0<\/em>[\/vc_column_text][\/vc_column][vc_column width=&#8221;1\/4&#8243;][vc_single_image image=&#8221;172&#8243; img_size=&#8221;full&#8221; alignment=&#8221;center&#8221;][\/vc_column][vc_column width=&#8221;1\/4&#8243;][vc_single_image image=&#8221;501&#8243; img_size=&#8221;full&#8221; alignment=&#8221;center&#8221;][\/vc_column][vc_column width=&#8221;1\/4&#8243;][vc_raw_html css=&#8221;.vc_custom_1688914567388{padding-left: 30px !important;}&#8221;]JTNDaWZyYW1lJTIwd2lkdGglM0QlMjI1NjAlMjIlMjBoZWlnaHQlM0QlMjIzMTUlMjIlMjBzcmMlM0QlMjJodHRwcyUzQSUyRiUyRnd3dy55b3V0dWJlLmNvbSUyRmVtYmVkJTJGTldxWnlzbDNBSGclMjIlMjB0aXRsZSUzRCUyMllvdVR1YmUlMjB2aWRlbyUyMHBsYXllciUyMiUyMGZyYW1lYm9yZGVyJTNEJTIyMCUyMiUyMGFsbG93JTNEJTIyYWNjZWxlcm9tZXRlciUzQiUyMGF1dG9wbGF5JTNCJTIwY2xpcGJvYXJkLXdyaXRlJTNCJTIwZW5jcnlwdGVkLW1lZGlhJTNCJTIwZ3lyb3Njb3BlJTNCJTIwcGljdHVyZS1pbi1waWN0dXJlJTNCJTIwd2ViLXNoYXJlJTIyJTIwYWxsb3dmdWxsc2NyZWVuJTNFJTNDJTJGaWZyYW1lJTNF[\/vc_raw_html][\/vc_column][\/vc_row]<\/p>\n","protected":false},"excerpt":{"rendered":"<p>[vc_row full_width=&#8221;stretch_row_content_no_spaces&#8221;][vc_column width=&#8221;1\/4&#8243; css=&#8221;.vc_custom_1687016850462{padding-top: 40px !important;padding-right: 40px !important;padding-left: 50px !important;}&#8221;][vc_column_text]ELASTICAR &nbsp; Macchinina in legno con particolare lanciatore ad elastico, prodotta dalla storica azienda Manzoni Pietro. Modello stilizzato di auto da corsa e lanciatore, lavorati a mano con ritagli di legno di tiglio o faggio italiano, avanzati da altre produzioni. Colori atossici ad acqua e packaging [&hellip;]<\/p>\n","protected":false},"author":1,"featured_media":0,"parent":0,"menu_order":0,"comment_status":"closed","ping_status":"closed","template":"","meta":[],"_links":{"self":[{"href":"https:\/\/www.crippart.com\/index.php\/wp-json\/wp\/v2\/pages\/142"}],"collection":[{"href":"https:\/\/www.crippart.com\/index.php\/wp-json\/wp\/v2\/pages"}],"about":[{"href":"https:\/\/www.crippart.com\/index.php\/wp-json\/wp\/v2\/types\/page"}],"author":[{"embeddable":true,"href":"https:\/\/www.crippart.com\/index.php\/wp-json\/wp\/v2\/users\/1"}],"replies":[{"embeddable":true,"href":"https:\/\/www.crippart.com\/index.php\/wp-json\/wp\/v2\/comments?post=142"}],"version-history":[{"count":15,"href":"https:\/\/www.crippart.com\/index.php\/wp-json\/wp\/v2\/pages\/142\/revisions"}],"predecessor-version":[{"id":572,"href":"https:\/\/www.crippart.com\/index.php\/wp-json\/wp\/v2\/pages\/142\/revisions\/572"}],"wp:attachment":[{"href":"https:\/\/www.crippart.com\/index.php\/wp-json\/wp\/v2\/media?parent=142"}],"curies":[{"name":"wp","href":"https:\/\/api.w.org\/{rel}","templated":true}]}}